 45 = -4*k + 9*k. Let i(v) = -13 + k + 6 - 2*v + v. Let n = 25 + -15. Give i(n).
-8
Let w(i) = i**2 + 7*i - 6. Suppose 2*n + 35 = 4*y - 3, 4*n = 2*y - 34. Suppose 21 + y = 14*q. Let m be q/2 - 8 - (-3)/(-3). What is w(m)?
2
Suppose d - 9 - 6 = -x, 4*x + 3*d - 65 = 0. Let i(a) = 3*a - 42. What is i(x)?
18
Let z(w) = 3*w**2 - 6 + 93*w + 96*w - 291*w + 104*w. What is z(-4)?
34
Let i(n) = -n**2 - 12*n - 7. Let k be 14/4 + -2 + 6/4. Suppose 2*q = 4*f - 6, -8*q - 3*f = -k*q + 54. Calculate i(q).
20
Let f = -3905 - -3915. Let k(x) = x**2 - 6*x - 33. Calculate k(f).
7
Suppose 0 = -3*l + 12, 11*d - 13*d - 12 = -3*l. Let a(v) be the second derivative of -v + 1/6*v**3 - 2*v**2 + d. Determine a(0).
-4
Let c(r) = -10*r - 4. Let u(m) = -5*m - 2. Let h(b) = 6*c(b) - 11*u(b). Suppose -4*v + 1 = -2*n - 3*v, -4*v - 18 = 3*n. Let w be -5 + 2 - 2/n. Determine h(w).
8
Let d(w) = -293*w + 599*w - 304*w - 17. What is d(10)?
3
Let b = 69 + 69. Suppose -b*u + 49 = -145*u. Let g(z) be the third derivative of z**4/12 + 4*z**3/3 - z**2. What is g(u)?
-6
Let u(b) = b**2 - 22*b + 7. Let n be 2 + 11 + 1/(-7)*-63. Determine u(n).
7
Let c(f) = f**3 - 3*f**2 - 4*f - 2. Let b = -600 - -595. Let x = -1 - b. Determine c(x).
-2
Let s = -922 + 936. Let l(n) = n**2 - 6*n - 121. Let t be l(s). Let g(d) = -d**3 - 10*d**2 - 11*d - 9. Determine g(t).
9
Let u(n) = 21*n - 288. Let q be u(14). Let h(s) = 4*s + 16. Calculate h(q).
40
Let n(t) be the second derivative of -t**5/20 + 7*t**4/12 - t**3 - 2*t**2 - t - 124. Suppose 3*c + 0*d - 13 = 2*d, -2*d = -c + 3. Calculate n(c).
16
Let i(s) be the second derivative of s**8/3360 - s**6/360 + 37*s**4/4 - 133*s. Let f(x) be the third derivative of i(x). Determine f(3).
48
Suppose 931 = 3*q + 4*q. Suppose a - 149 = -q. Suppose 12 = -3*k - 3*x, 0 = -4*k - 3*x - a + 2. Let n(b) = -b**2 + 1. Calculate n(k).
-3
Suppose 4*h - 2*z - 6 - 16 = 0, 2*h = 3*z + 21. Suppose -s + 2*a = 3, -s + h*a + 2*a - 6 = 0. Let u(d) = 5*d**2 + d + 1. What is u(s)?
5
Let g(a) = -2*a**3 - 33*a**2 - 131*a + 11. Suppose 31*y - 11*y + 293 = 153. What is g(y)?
-3
Suppose -2*f = g - 111, 4*f + 516 = 5*g + f. Suppose g*c - 54 = 96*c. Let v(x) = x**2 - 7*x + 11. What is v(c)?
5
Let s(u) = -9*u**3 + u**2 - u. Let i(b) = 46*b**3 + 7*b**2 - 24*b - 14. Let x(h) = i(h) + 5*s(h). What is x(-14)?
0
Let l(f) = -10*f**3 + f**2. Let d(z) = 49*z**3 - z**2 + 7*z - 14. Let m(s) = -d(s) - 5*l(s). What is m(5)?
4
Let g(a) = 50*a - 2. Let z = 652 + -651. Give g(z).
48
Let l(h) = 8*h - 11. Let c(m) = 21*m + 877. Let j be c(-42). Calculate l(j).
-51
Let j(l) = l + 5. Suppose 2*r + 3 + 6 = 5*n, 2*n + 3*r = 15. Suppose -109 - n = 16*d. Determine j(d).
-2
Let c(k) = -39*k + 43 - 20*k + 69*k - 17*k. Give c(6).
1
Let s = 3 + 140. Suppose s = 16*d - 17. Let g(b) = b - 9. Calculate g(d).
1
Let a(t) = 2*t**2 - t - 4. Let y be ((-45)/9 - -5)/(-1). Determine a(y).
-4
Let m(d) = -4*d**2 - 6*d + 1 + 4*d**2 - d**2. Let f be 450/(-27) + (-12)/9. Let c be 2/(-4) + f/4. Determine m(c).
6
Let j(x) = 3*x**3 + x**2 - 2*x. Let i = -15 - -31. Let u be (-4)/(-1)*4/(i/5). Suppose -4*z = -5*q + 28, -u*q + 26 = -3*z - 0*z. Determine j(z).
-16
Let b(a) = a**2 - 4. Let f be 2/1 - 12/((-60)/(-5285)). Let d = f + 1061. Give b(d).
32
Let w(b) = -b**2 - 17*b + 31. Suppose -6*t - 530 = 14*t + 33*t. What is w(t)?
101
Let j(o) be the first derivative of -1 + 3/2*o**2 + 1/12*o**4 - 5/6*o**3 - 12*o. Let g(m) be the first derivative of j(m). What is g(3)?
-3
Let j(w) be the first derivative of -3*w**2/2 + 17*w + 2848. What is j(10)?
-13
Let f(z) = 2*z + 7. Let v(u) = -u**2 + 38*u - 136. Let o be v(34). Suppose o*r - 42 = 6*r. Calculate f(r).
-7
Let f = 13670 - 13675. Let v(o) = -o**3 - 5*o**2 - 6*o - 5. What is v(f)?
25
Suppose 32*a = 39*a - 21. Let i(p) = p**3 - 5*p**2 + 3*p - 4. Let k be i(4). Let g be k/(-6)*a - 6. Let l(n) = -5*n + 1. What is l(g)?
11
Let w(f) = f**3 - 1 - 2 + 7*f**2 + 2323*f - 2318*f. Give w(-6).
3
Let f be (13 - (-5 - -38)) + 17. Let c(a) = -2*a - 9. What is c(f)?
-3
Let v(t) be the first derivative of -5/2*t**2 - 57 - 3*t. Let c(w) = w**2 - 10*w + 13. Let b be c(9). Give v(b).
-23
Let f(g) = -g - 45*g**2 + 57*g**2 + 2*g + g. Let b(d) = 2*d**2 + 7*d + 4. Let p be b(-2). Determine f(p).
44
Let w(a) = 4*a**3 - 26*a**2 - 16*a + 27. Let q(m) = -3*m**3 + 21*m**2 + 16*m - 27. Let h(k) = 3*q(k) + 2*w(k). Give h(12).
21
Let c(i) = 48*i**2 + 2*i - 2. Let m = -1637 - -1638. Give c(m).
48
Let n(c) = -13*c + 43 - 23*c - 20*c + 66*c. What is n(-5)?
-7
Let p(c) = -c**3 + 3*c**2 + 5. Let t be (-130)/(-13)*3/15. Give p(t).
9
Let a(u) = 9623*u - 4807*u - 4827*u. Determine a(-4).
44
Let a(q) be the first derivative of 26/3*q**3 + 24 + 0*q**4 + 0*q**2 + 1/120*q**5 + 0*q + 1/120*q**6. Let s(h) be the third derivative of a(h). Determine s(2).
14
Let i(u) = u**3 - 5*u**2 - 5*u - 2. Let r = -144 + 100. Let q be -46 + (-40)/(1 + -6). Let p = q - r. Calculate i(p).
4
Suppose -68*b + 42 = -24*b - 37*b. Let u(t) = 2*t - 13. Give u(b).
-1
Let i(s) = 12 - 2*s - 13*s - 4*s**2 + 3*s**2. Calculate i(-17).
-22
Let n = -80 + 82. Let m(j) = -6 + 44*j**3 - 8*j**2 + 12*j + 5*j**2 + 14*j**n - 45*j**3. What is m(12)?
-6
Suppose 1 = -a, 2*t + t - 4*a = 31. Let k(y) = t + 31*y - 35*y - 10. Let p(w) = -w**2 + 5*w + 8. Let s be p(6). Determine k(s).
-9
Let w(h) = -3*h - 1. Suppose 3*x - 46 = 38. Let l = x - 24. Calculate w(l).
-13
Let b(l) = -l**2 + 20*l + 25. Suppose -1242 = -21*w - 48*w. Give b(w).
61
Let n(p) be the third derivative of p**4/24 + p**3/2 - 75*p**2. Let i = 4 - 2. Suppose 3*f + 25 = -i*f. Calculate n(f).
-2
Let m = 48 - 50. Let t(a) = 2*a**2 - 5*a + 22. Let z(i) = -i**2 + 3*i - 12. Let h(v) = -5*t(v) - 9*z(v). Calculate h(m).
-2
Let f(q) = -19*q - 18. Suppose 21*p = 23*p - 4*r + 32, -50 = 5*p - 5*r. Give f(p).
58
Let n(k) = 50 + 4*k**2 + 4*k - 51 - 1. Calculate n(-4).
46
Suppose 5*p + 2*u - 86 = 2*p, 0 = -2*p - 5*u + 61. Let w(r) = -r**2 + 26*r + 43. What is w(p)?
-13
Let a be 4/20*-1 - 22/(-10). Let w(c) = 0*c**2 + 11*c - 10*c - 3 - c**a. Determine w(0).
-3
Let b(g) = g**3 - 9*g**2 + 17*g + 3. Suppose 22*l - 516 = -64*l. What is b(l)?
-3
Let s(i) = i**2 + 2*i + 2. Let x(p) = -4*p**2 + 7*p + 0*p**2 + 3*p**2 + 4. Let o be (-62 - 1)/(-9) - -1. Let l be x(o). What is s(l)?
10
Let d(h) = -3*h - 24. Let g(i) = -144*i - 1448. Let n be g(-10). Give d(n).
0
Let m = 144 + -141. Let n(x) = x**3 + x + 1. Let h(q) = 6*q**3 - 5*q**2 + 8*q + 8. Let l(z) = -h(z) + 5*n(z). What is l(m)?
6
Let v(l) = -3*l**3 + l**3 + 3*l**3 + 2 - 18*l. Suppose 138*i - 306 - 246 = 0. Calculate v(i).
-6
Let x(c) = 9*c**2 + 11*c - 2. Let w(p) = -4*p**2 - 3*p + 13. Let v(s) = -2. Let j(g) = -6*v(g) - w(g). Let q(o) = -7*j(o) + 3*x(o). Give q(13).
-12
Suppose 5*d = -5*f + 65, 3*d + 33 = 2*f - f. Let s(o) = -20 + 1 + o - 9 + 7. Let u be s(f). Let m(b) = -3*b**2 - 4*b - 4. Calculate m(u).
-19
Let n(j) = -26910 - 16*j - 26905 + 53806 + 6*j. Give n(-3).
21
Let n(p) = 16*p + 177. Let r be n(-11). Let h(v) = -8*v**3 + 5*v**3 - 6 + 7. Calculate h(r).
-2
Let q(n) be the third derivative of -n**6/40 + n**4/12 - n**3/2 - n**2 - 417. Give q(-2).
17
Let c(k) be the first derivative of 4*k**2 + k - 5. Let h = -13 - 36. Let b = h - -51. Determine c(b).
17
Let z(l) = 86*l - 30. Let o(j) = -112*j + 32. Let m(i) = -4*o(i) - 5*z(i). Determine m(-2).
-14
Suppose -1127 = -4*s + 5*l, 565 = 2*s - 16*l + 13*l. Let k(c) = -285 - s + 561 + 3*c. Suppose -15 = -4*a + 1. What is k(a)?
10
Let j(u) = -2*u**3 + 5*u**2 + 23*u - 16. Let l(o) = 7 - 3*o**2 + 1 - 24494*o**3 - 11*o + 24495*o**3. Let x(b) = -3*j(b) - 7*l(b). What is x(7)?
-1
Let j(a) be the third derivative of -2*a**3 + 0*a - 1/24*a**4 + 0 - 4*a**2. Let l be 304/(-44) + (-1)/11. Determine j(l).
-5
Let s = 503 + -333. Let r = -174 + s. Let q(d) = -d**2 - 4*d + 4. Give q(r).
4
Let c(o) be the first derivative of -o**2 + 11*o - 9. Let j be c(4). Let y(x) = -6*x - 7*x - 2 + 9*x. Give y(j).
-14
Let q(w) = -w**2 + 2*w - 2. Let y = 6 + -6. Suppose 3*o + y*o = 114. Suppose -o*j = -39*j + 2. Calculate q(j).
-2
Let v(w) = -7*w**2 + 2*w - 1. Suppose -k = -1, 3*o - k - 40 = 4*k. Let x be (4/6)/2 + 10/o. Suppose -18*r = -17*r - x. Give v(r).
-6
Let r(b) = b**2 - 16*b + 2. Suppose 5*f = -162*u + 164*u + 63, -5 = f + 4*u. Determine r(f).
-53
Let j be ((-2